{"id":4792,"date":"2021-08-04T09:13:52","date_gmt":"2021-08-04T09:13:52","guid":{"rendered":"https:\/\/sandbox.ittimor.com\/cust\/ufaq\/who-is-responsible-for-dili-international-airport\/"},"modified":"2021-08-05T01:46:43","modified_gmt":"2021-08-05T01:46:43","slug":"quem-e-responsavel-pelo-aeroporto-internacional-de-dili","status":"publish","type":"ufaq","link":"https:\/\/customs.gov.tl\/pt-pt\/enquiry-point-single\/quem-e-responsavel-pelo-aeroporto-internacional-de-dili\/","title":{"rendered":"Quem \u00e9 respons\u00e1vel pelo Aeroporto Internacional de D\u00edli?"},"content":{"rendered":"<div  class=\"ewd-ufaq-faq-list ewd-ufaq-page-type-distinct\" id='ewd-ufaq-faq-list'>\n\n\t<input type='hidden' name='show_on_load' value='' id='ewd-ufaq-show-on-load' \/>\n<input type='hidden' name='include_category' value='' id='ewd-ufaq-include-category' \/>\n<input type='hidden' name='exclude_category' value='' id='ewd-ufaq-exclude-category' \/>\n<input type='hidden' name='orderby' value='date' id='ewd-ufaq-orderby' \/>\n<input type='hidden' name='order' value='asc' id='ewd-ufaq-order' \/>\n<input type='hidden' name='post_count' value='-1' id='ewd-ufaq-post-count' \/>\n<input type='hidden' name='current_url' value='\/pt-pt\/wp-json\/wp\/v2\/ufaq\/4792' id='ewd-ufaq-current-url' \/>\n\t\n\t\n\t<div class='ewd-ufaq-faqs'>\n\n\t\t<div  class=\"ewd-ufaq-faq-div ewd-ufaq-faq-column-count-one ewd-ufaq-faq-responsive-columns- ewd-ufaq-faq-display-style-default ewd-ufaq-can-be-toggled\" id='ewd-ufaq-post-4792-1XaOkU0ngw' data-post_id='4792'>\n\n\t<div class='ewd-ufaq-faq-title ewd-ufaq-faq-toggle'>\n\t\n\t<a class='ewd-ufaq-post-margin'  href='#' role=\"button\">\n\n\t\t<div class='ewd-ufaq-post-margin-symbol ewd-ufaq-'>\n\t\t\t<span >B<\/span>\n\t\t<\/div>\n\n\t\t<div class='ewd-ufaq-faq-title-text'>\n\n\t\t\t<h4>\n\t\t\t\tQuem \u00e9 respons\u00e1vel pelo Aeroporto Internacional de D\u00edli?\t\t\t<\/h4>\n\n\t\t<\/div>\n\n\t\t<div class='ewd-ufaq-clear'><\/div>\n\n\t<\/a>\n\t\n<\/div>\n\t\n\t<div class='ewd-ufaq-faq-body ' >\n\n\t\t\n\t\t\t\n\t\t\n\t\t\t<div class='ewd-ufaq-post-margin ewd-ufaq-faq-post'>\n\t<p>A Administra\u00e7\u00e3o da Navega\u00e7\u00e3o A\u00e9rea de Timor-Leste (ANATL), criada em 2005, \u00e9 a administra\u00e7\u00e3o governamental respons\u00e1vel pelos aeroportos nacionais de Timor-Leste. O aeroporto funciona das 06:00 \u00e0s 18:30, 365 dias por ano. Presentemente as chegadas e partidas est\u00e3o limitadas ao per\u00edodo de luz natural, uma vez que as infraestruturas atuais ainda n\u00e3o permitem o uso da pista \u00e0 noite. O edif\u00edcio do terminal principal est\u00e1 dividido em duas sec\u00e7\u00f5es: partidas e chegadas.<\/p>\n<div class=\"theme-button-block-wrap wpex-block wpex-clear theme-button-wrap wpex-clr\"><a href=\"https:\/\/customs.gov.tl\/pt-pt\/other-gov-agencies\/others\/\" class=\"vcex-button theme-txt-link block button-with-top-border right-side\" target=\"_blank\" style=\"font-weight:500\" rel=\"noopener noreferrer\"><span class=\"theme-button-inner\"> Pode encontrar mais informa\u00e7\u00f5es sobre a ANATL aqui<span class=\"vcex-icon-wrap theme-button-icon-right\"><span class=\"ticon ticon-angle-right\" aria-hidden=\"true\"><\/span><\/span><\/span><\/a><\/div> \n<\/div>\n\t\t\n\t\t\t\n\t\t\n\t\t\t\n\t\t\n\t\t\t\n\t\t\n\t\t\t\n\t\t\n\t\t\t\n\t\t\n\t\t\t\n\t\t\n\t\t\t\n\t\t\n\t\t\t\n\t\t\n\t<\/div>\n\n<\/div>\n\t<\/div>\n\n\t\n<\/div>","protected":false},"excerpt":{"rendered":"<p>B Quem \u00e9 respons\u00e1vel pelo Aeroporto Internacional de D\u00edli? A Administra\u00e7\u00e3o da Navega\u00e7\u00e3o A\u00e9rea de Timor-Leste (ANATL), criada em 2005, \u00e9 a administra\u00e7\u00e3o governamental respons\u00e1vel pelos aeroportos nacionais de Timor-Leste. O aeroporto funciona das 06:00 \u00e0s 18:30, 365 dias por&hellip;<\/p>\n","protected":false},"author":8,"comment_status":"open","ping_status":"closed","template":"","ufaq-category":[123,114],"ufaq-tag":[],"class_list":["post-4792","ufaq","type-ufaq","status-publish","hentry","ufaq-category-other-agencies","ufaq-category-others","entry","no-media"],"_links":{"self":[{"href":"https:\/\/customs.gov.tl\/pt-pt\/wp-json\/wp\/v2\/ufaq\/4792","targetHints":{"allow":["GET"]}}],"collection":[{"href":"https:\/\/customs.gov.tl\/pt-pt\/wp-json\/wp\/v2\/ufaq"}],"about":[{"href":"https:\/\/customs.gov.tl\/pt-pt\/wp-json\/wp\/v2\/types\/ufaq"}],"author":[{"embeddable":true,"href":"https:\/\/customs.gov.tl\/pt-pt\/wp-json\/wp\/v2\/users\/8"}],"replies":[{"embeddable":true,"href":"https:\/\/customs.gov.tl\/pt-pt\/wp-json\/wp\/v2\/comments?post=4792"}],"wp:attachment":[{"href":"https:\/\/customs.gov.tl\/pt-pt\/wp-json\/wp\/v2\/media?parent=4792"}],"wp:term":[{"taxonomy":"ufaq-category","embeddable":true,"href":"https:\/\/customs.gov.tl\/pt-pt\/wp-json\/wp\/v2\/ufaq-category?post=4792"},{"taxonomy":"ufaq-tag","embeddable":true,"href":"https:\/\/customs.gov.tl\/pt-pt\/wp-json\/wp\/v2\/ufaq-tag?post=4792"}],"curies":[{"name":"wp","href":"https:\/\/api.w.org\/{rel}","templated":true}]}}

Quem é responsável pelo Aeroporto Internacional de Díli?

<div  class="ewd-ufaq-faq-list ewd-ufaq-page-type-distinct" id='ewd-ufaq-faq-list'>

	<input type='hidden' name='show_on_load' value='' id='ewd-ufaq-show-on-load' />
<input type='hidden' name='include_category' value='' id='ewd-ufaq-include-category' />
<input type='hidden' name='exclude_category' value='' id='ewd-ufaq-exclude-category' />
<input type='hidden' name='orderby' value='date' id='ewd-ufaq-orderby' />
<input type='hidden' name='order' value='asc' id='ewd-ufaq-order' />
<input type='hidden' name='post_count' value='-1' id='ewd-ufaq-post-count' />
<input type='hidden' name='current_url' value='/pt-pt/wp-json/wp/v2/ufaq/4792' id='ewd-ufaq-current-url' />
	
	
	<div class='ewd-ufaq-faqs'>

		<div  class="ewd-ufaq-faq-div ewd-ufaq-faq-column-count-one ewd-ufaq-faq-responsive-columns- ewd-ufaq-faq-display-style-default ewd-ufaq-can-be-toggled" id='ewd-ufaq-post-4792-1XaOkU0ngw' data-post_id='4792'>

	<div class='ewd-ufaq-faq-title ewd-ufaq-faq-toggle'>
	
	<a class='ewd-ufaq-post-margin'  href='#' role="button">

		<div class='ewd-ufaq-post-margin-symbol ewd-ufaq-'>
			<span >B</span>
		</div>

		<div class='ewd-ufaq-faq-title-text'>

			<h4>
				Quem é responsável pelo Aeroporto Internacional de Díli?			</h4>

		</div>

		<div class='ewd-ufaq-clear'></div>

	</a>
	
</div>
	
	<div class='ewd-ufaq-faq-body ' >

		
			
		
			<div class='ewd-ufaq-post-margin ewd-ufaq-faq-post'>
	<p>A Administração da Navegação Aérea de Timor-Leste (ANATL), criada em 2005, é a administração governamental responsável pelos aeroportos nacionais de Timor-Leste. O aeroporto funciona das 06:00 às 18:30, 365 dias por ano. Presentemente as chegadas e partidas estão limitadas ao período de luz natural, uma vez que as infraestruturas atuais ainda não permitem o uso da pista à noite. O edifício do terminal principal está dividido em duas secções: partidas e chegadas.</p>
<div class="theme-button-block-wrap wpex-block wpex-clear theme-button-wrap wpex-clr"><a href="https://customs.gov.tl/pt-pt/other-gov-agencies/others/" class="vcex-button theme-txt-link block button-with-top-border right-side" target="_blank" style="font-weight:500" rel="noopener noreferrer"><span class="theme-button-inner"> Pode encontrar mais informações sobre a ANATL aqui<span class="vcex-icon-wrap theme-button-icon-right"><span class="ticon ticon-angle-right" aria-hidden="true"></span></span></span></a></div> 
</div>
		
			
		
			
		
			
		
			
		
			
		
			
		
			
		
			
		
	</div>

</div>
	</div>

	
</div>

<p>B Quem é responsável pelo Aeroporto Internacional de Díli? A Administração da Navegação Aérea de Timor-Leste (ANATL), criada em 2005, é a administração governamental responsável pelos aeroportos nacionais de Timor-Leste. O aeroporto funciona das 06:00 às 18:30, 365 dias por&hellip;</p>
