{"id":7487,"date":"2021-08-01T17:47:51","date_gmt":"2021-08-01T17:47:51","guid":{"rendered":"https:\/\/sandbox.ittimor.com\/cust\/ministry-of-finance\/"},"modified":"2023-07-28T02:28:50","modified_gmt":"2023-07-27T17:28:50","slug":"ministry-of-finance","status":"publish","type":"page","link":"https:\/\/customs.gov.tl\/pt-pt\/other-gov-agencies\/ministry-of-finance\/","title":{"rendered":"Minist\u00e9rio das Finan\u00e7as"},"content":{"rendered":"<div class=\"wpb-content-wrapper\">[vc_row gap=&#8221;10&#8243; remove_bottom_col_margin=&#8221;true&#8221;][vc_column width=&#8221;3\/12&#8243;]<div class=\"vcex-module vcex-image-banner wpex-relative wpex-overflow-hidden wpex-max-w-100 wpex-bg-gray-900 wpex-text-white wpex-float-center wpex-text-center other-agencies-image\" ><span class=\"vcex-ib-img wpex-block wpex-z-1 wpex-transition-all wpex-duration-500 wpex-bg-cover wpex-absolute wpex-inset-0\" style=\"background-image:url(https:\/\/customs.gov.tl\/wp-content\/uploads\/2023\/07\/Ministra.png);\"><\/span><div class=\"vcex-ib-overlay wpex-absolute wpex-z-5 wpex-inset-0 wpex-transition-all wpex-duration-500\"><div class=\"vcex-ib-overlay-bg wpex-absolute wpex-inset-0 wpex-bg-black wpex-opacity-30\" style=\"background:#0f1a40;opacity:.25;\"><\/div><\/div><div class=\"vcex-ib-content-wrap wpex-z-10 wpex-w-100 wpex-transition-all wpex-duration-500 wpex-relative wpex-clr\"><div class=\"vcex-ib-content wpex-mx-auto wpex-clr\"><\/div><\/div><\/div>[vc_row_inner remove_bottom_col_margin=&#8221;true&#8221;][vc_column_inner width=&#8221;1\/4&#8243;][\/vc_column_inner][vc_column_inner width=&#8221;1\/2&#8243; css=&#8221;.vc_custom_1620536962997{padding-bottom: 14px !important;background-color: #af1e33 !important;}&#8221;][\/vc_column_inner][vc_column_inner width=&#8221;1\/4&#8243;][\/vc_column_inner][\/vc_row_inner][vc_row_inner remove_bottom_col_margin=&#8221;true&#8221;][vc_column_inner width=&#8221;1\/4&#8243;][\/vc_column_inner][vc_column_inner width=&#8221;1\/2&#8243; css=&#8221;.vc_custom_1623635943827{padding-left: 0px !important;}&#8221;][vc_column_text]<strong>Santina Jos\u00e9 Rodrigues F. Viegas Cardoso<\/strong><br \/>\nMinistro das Finan\u00e7as[\/vc_column_text][\/vc_column_inner][vc_column_inner width=&#8221;1\/4&#8243;][\/vc_column_inner][\/vc_row_inner][\/vc_column][vc_column width=&#8221;6\/12&#8243;][vc_column_text]\n<p style=\"text-align: justify;\"><strong>O Minist\u00e9rio das Finan\u00e7as (MdF) \u00e9 o departamento do governo respons\u00e1vel pela concep\u00e7\u00e3o, implementa\u00e7\u00e3o, coordena\u00e7\u00e3o, e pol\u00edtica de avalia\u00e7\u00e3o, definido e aprovado pelo Conselho de Ministros, para as \u00e1reas de planeamento e monitoriza\u00e7\u00e3o do or\u00e7amento e finan\u00e7as p\u00fablicas anuais.<\/strong><\/p>\n[\/vc_column_text][vc_empty_space height=&#8221;40px&#8221;][vc_column_text]A Pol\u00edtica fiscal \u00e9 o instrumento priorit\u00e1rio respons\u00e1vel pela gest\u00e3o da economia e pelo crescimento e desenvolvimento de Timor-Leste e o MdF desempenha um papel cr\u00edtico na formula\u00e7\u00e3o e conduta desta pol\u00edtica. Al\u00e9m de que o MdF segue e monitoriza os gastos das finan\u00e7as p\u00fablicas, que s\u00e3o necess\u00e1rias para garantir o bom funcionamento das pol\u00edticas do GOTL. As fun\u00e7\u00f5es chave, s\u00e3o:<\/p>\n<ul>\n<li>Propor pol\u00edticas macroecon\u00f4micas, monet\u00e1rias e pol\u00edticas de taxas de c\u00e2mbio, em conjunto com o Banco Central.<\/li>\n<li>Desenvolver pol\u00edticas, projetos de lei e regulamenta\u00e7\u00e3o sobre receitas, quadros or\u00e7amentais, aquisi\u00e7\u00f5es, contas p\u00fablicas, finan\u00e7as p\u00fablicas, auditoria e controlo do Tesouro Nacional e emiss\u00e3o e gest\u00e3o da d\u00edvida p\u00fablica.<\/li>\n<li>Administrar o fundo de petr\u00f3leo de Timor-Leste.<\/li>\n<li>Trabalhar em conjunto com o Minist\u00e9rio dos Neg\u00f3cios Estrangeiros e da Coopera\u00e7\u00e3o a fim de coordenar o relacionamento de Timor-Leste com os seus doadores.<\/li>\n<li>Administrar a d\u00edvida p\u00fablica exterior, as participa\u00e7\u00f5es estatais em empresas e assist\u00eancia no exterior. Isto inclui coordenar e definir os seus aspetos financeiros e impostos.<\/li>\n<li>Administrar os ativos do estado.<\/li>\n<\/ul>\n<p style=\"text-align: justify;\">A Autoridade Fiscal, a Autoridade Aduaneira, a Comiss\u00e3o Nacional de Aquisi\u00e7\u00f5es dependem do Minist\u00e9rio das Finan\u00e7as.<\/p>\n[\/vc_column_text]<div class=\"theme-button-block-wrap wpex-block wpex-clear theme-button-wrap wpex-clr\"><a href=\"https:\/\/www.mof.gov.tl\/\" class=\"vcex-button theme-txt-link block button-with-top-border\" target=\"_blank\" style=\"font-weight:500;\" rel=\"noopener noreferrer\"><span class=\"theme-button-inner\">Saiba mais sobre o Minist\u00e9rio das Finan\u00e7as aqui<span class=\"vcex-icon-wrap theme-button-icon-right\"><span class=\"ticon ticon-angle-right\" aria-hidden=\"true\"><\/span><\/span><\/span><\/a><\/div> [\/vc_column][vc_column width=&#8221;3\/12&#8243;]<div class=\"templatera_shortcode\"><div class=\"vc_row wpb_row vc_row-fluid\"><div class=\"wpb_column vc_column_container vc_col-sm-12\"><div class=\"vc_column-inner\"><div class=\"wpb_wrapper\">\n\t<div class=\"wpb_text_column wpb_content_element social-share\" >\n\t\t<div class=\"wpb_wrapper\">\n\t\t\t<h5>Partilhe esta p\u00e1gina<\/h5>\n\n\t\t<\/div>\n\t<\/div>\n\n<div class=\"vcex-module vcex-social-share\">\n\n\t<div class=\"wpex-social-share style-flat position-horizontal\" data-source=\"https%3A%2F%2Fcustoms.gov.tl%2Fpt-pt%2F\" data-url=\"https%3A%2F%2Fcustoms.gov.tl%2Fpt-pt%2Fwp-json%2Fwp%2Fv2%2Fpages%2F7487%2F\" data-title=\"Archives\" data-email-subject=\"I wanted you to see this link\" data-email-body=\"I wanted you to see this link https%3A%2F%2Fcustoms.gov.tl%2Fpt-pt%2Fwp-json%2Fwp%2Fv2%2Fpages%2F7487%2F\" data-specs=\"menubar=no,toolbar=no,resizable=yes,scrollbars=yes,height=600,width=600\">\n\t<ul class=\"wpex-social-share__list\">\n\n\t\t\n\t\t\t\t<li class=\"wpex-social-share__item custom-print\">\n\n\t\t\t\t\t\n\t\t\t\t\t\t<a href=\"#print\" role=\"button\" class=\"wpex-social-share__link\">\n\n\t\t\t\t\t\n\t\t\t\t\t\t<img decoding=\"async\" src=\"http:\/\/customs.gov.tl\/wp-content\/uploads\/2021\/05\/icon-print.svg\" \/>\n\t\t\t\t\t\t\t\t\t\t\t\t\t<span class=\"wpex-social-share__label wpex-label\">Print<\/span>\n\t\t\t\t\t\t\n\t\t\t\t\t<\/a>\n\n\t\t\t\t<\/li>\n\n\t\t\t\n\t\t\t\t<li class=\"wpex-social-share__item wpex-email\">\n\n\t\t\t\t\t\n\t\t\t\t\t\t<a href=\"#\" role=\"button\" class=\"wpex-social-share__link\">\n\n\t\t\t\t\t\n\t\t\t\t\t\t<img decoding=\"async\" src=\"http:\/\/customs.gov.tl\/wp-content\/uploads\/2021\/05\/icon-envelope.svg\" \/>\n\t\t\t\t\t\t\t\t\t\t\t\t\t<span class=\"wpex-social-share__label wpex-label\">Email<\/span>\n\t\t\t\t\t\t\n\t\t\t\t\t<\/a>\n\n\t\t\t\t<\/li>\n\n\t\t\t\n\t\t\t\t<li class=\"wpex-social-share__item wpex-facebook\">\n\n\t\t\t\t\t\n\t\t\t\t\t\t<a href=\"#\" role=\"button\" class=\"wpex-social-share__link\">\n\n\t\t\t\t\t\n\t\t\t\t\t\t<img decoding=\"async\" src=\"http:\/\/customs.gov.tl\/wp-content\/uploads\/2021\/05\/icon-facebook.svg\" \/>\n\t\t\t\t\t\t\t\t\t\t\t\t\t<span class=\"wpex-social-share__label wpex-label\">Share<\/span>\n\t\t\t\t\t\t\n\t\t\t\t\t<\/a>\n\n\t\t\t\t<\/li>\n\n\t\t\t\n\t\t\t\t<li class=\"wpex-social-share__item wpex-linkedin\">\n\n\t\t\t\t\t\n\t\t\t\t\t\t<a href=\"#\" role=\"button\" class=\"wpex-social-share__link\">\n\n\t\t\t\t\t\n\t\t\t\t\t\t<img decoding=\"async\" src=\"http:\/\/customs.gov.tl\/wp-content\/uploads\/2021\/05\/icon-linkedin.svg\" \/>\n\t\t\t\t\t\t\t\t\t\t\t\t\t<span class=\"wpex-social-share__label wpex-label\">Share<\/span>\n\t\t\t\t\t\t\n\t\t\t\t\t<\/a>\n\n\t\t\t\t<\/li>\n\n\t\t\t\n\t<\/ul>\n\n\t<\/div>\n\n<\/div><\/div><\/div><\/div><\/div>\r\n<\/div>[vc_empty_space height=&#8221;80px&#8221;][vc_row_inner el_class=&#8221;contact-sidebar&#8221;][vc_column_inner][vc_column_text el_class=&#8221;contact-details&#8221; css=&#8221;.vc_custom_1627636522494{margin-bottom: 5px !important;border-bottom-width: 1px !important;border-bottom-color: #000000 !important;border-bottom-style: solid !important;}&#8221;]\n<h5>Contactos<\/h5>\n[\/vc_column_text]<div class=\"vcex-module vcex-list_item wpex-max-w-100 wpex-clr wpex-mb-5 no-border\"><div class=\"vcex-list-item-inner wpex-inline-flex wpex-flex-no-wrap wpex-items-center\"><div class=\"vcex-list-item-icon wpex-mr-10\"><div class=\"vcex-icon-wrap wpex-inline-flex wpex-justify-center wpex-items-center\"><span class=\"ticon ticon-map-marker\"><\/span><\/div><\/div><div class=\"vcex-list-item-text vcex-content wpex-flex-grow\">Building #5, Palaco do Governo,<br \/>\nDili, Timor-Leste<\/div><\/div><\/div><div class=\"vcex-module vcex-list_item wpex-max-w-100 wpex-clr wpex-mb-5\"><div class=\"vcex-list-item-inner wpex-inline-flex wpex-flex-no-wrap wpex-items-center\"><div class=\"vcex-list-item-icon wpex-mr-10\"><div class=\"vcex-icon-wrap wpex-inline-flex wpex-justify-center wpex-items-center\"><span class=\"ticon ticon-phone-square\"><\/span><\/div><\/div><div class=\"vcex-list-item-text vcex-content wpex-flex-grow\">(+670) 333 9694<\/div><\/div><\/div><div class=\"vcex-module vcex-list_item wpex-max-w-100 wpex-clr wpex-mb-5\"><a  href=\"mailto:info@mof.gov.tl\" class=\"vcex-list-item-link wpex-no-underline\"><div class=\"vcex-list-item-inner wpex-inline-flex wpex-flex-no-wrap wpex-items-center\"><div class=\"vcex-list-item-icon wpex-mr-10\"><div class=\"vcex-icon-wrap wpex-inline-flex wpex-justify-center wpex-items-center\"><span class=\"ticon ticon-envelope-o\"><\/span><\/div><\/div><div class=\"vcex-list-item-text vcex-content wpex-flex-grow\">info@mof.gov.tl<\/div><\/div><\/a><\/div>[\/vc_column_inner][\/vc_row_inner][\/vc_column][\/vc_row]\n<\/div>","protected":false},"excerpt":{"rendered":"Santina Jos\u00e9 Rodrigues F. Viegas Cardoso Ministro das Finan\u00e7as O Minist\u00e9rio das Finan\u00e7as (MdF) \u00e9 o departamento do governo respons\u00e1vel pela concep\u00e7\u00e3o, implementa\u00e7\u00e3o, coordena\u00e7\u00e3o, e pol\u00edtica de avalia\u00e7\u00e3o, definido e aprovado pelo Conselho de Ministros, para as \u00e1reas de planeamento&hellip;","protected":false},"author":8,"featured_media":0,"parent":7475,"menu_order":0,"comment_status":"open","ping_status":"closed","template":"","meta":{"inline_featured_image":false,"footnotes":""},"class_list":["post-7487","page","type-page","status-publish","hentry","entry","no-media"],"_links":{"self":[{"href":"https:\/\/customs.gov.tl\/pt-pt\/wp-json\/wp\/v2\/pages\/7487","targetHints":{"allow":["GET"]}}],"collection":[{"href":"https:\/\/customs.gov.tl\/pt-pt\/wp-json\/wp\/v2\/pages"}],"about":[{"href":"https:\/\/customs.gov.tl\/pt-pt\/wp-json\/wp\/v2\/types\/page"}],"author":[{"embeddable":true,"href":"https:\/\/customs.gov.tl\/pt-pt\/wp-json\/wp\/v2\/users\/8"}],"replies":[{"embeddable":true,"href":"https:\/\/customs.gov.tl\/pt-pt\/wp-json\/wp\/v2\/comments?post=7487"}],"version-history":[{"count":2,"href":"https:\/\/customs.gov.tl\/pt-pt\/wp-json\/wp\/v2\/pages\/7487\/revisions"}],"predecessor-version":[{"id":14097,"href":"https:\/\/customs.gov.tl\/pt-pt\/wp-json\/wp\/v2\/pages\/7487\/revisions\/14097"}],"up":[{"embeddable":true,"href":"https:\/\/customs.gov.tl\/pt-pt\/wp-json\/wp\/v2\/pages\/7475"}],"wp:attachment":[{"href":"https:\/\/customs.gov.tl\/pt-pt\/wp-json\/wp\/v2\/media?parent=7487"}],"curies":[{"name":"wp","href":"https:\/\/api.w.org\/{rel}","templated":true}]}}

Ministério das Finanças

<div class="wpb-content-wrapper">[vc_row gap=&#8221;10&#8243; remove_bottom_col_margin=&#8221;true&#8221;][vc_column width=&#8221;3/12&#8243;]<div class="vcex-module vcex-image-banner wpex-relative wpex-overflow-hidden wpex-max-w-100 wpex-bg-gray-900 wpex-text-white wpex-float-center wpex-text-center other-agencies-image" ><span class="vcex-ib-img wpex-block wpex-z-1 wpex-transition-all wpex-duration-500 wpex-bg-cover wpex-absolute wpex-inset-0" style="background-image:url(https://customs.gov.tl/wp-content/uploads/2023/07/Ministra.png);"></span><div class="vcex-ib-overlay wpex-absolute wpex-z-5 wpex-inset-0 wpex-transition-all wpex-duration-500"><div class="vcex-ib-overlay-bg wpex-absolute wpex-inset-0 wpex-bg-black wpex-opacity-30" style="background:#0f1a40;opacity:.25;"></div></div><div class="vcex-ib-content-wrap wpex-z-10 wpex-w-100 wpex-transition-all wpex-duration-500 wpex-relative wpex-clr"><div class="vcex-ib-content wpex-mx-auto wpex-clr"></div></div></div>[vc_row_inner remove_bottom_col_margin=&#8221;true&#8221;][vc_column_inner width=&#8221;1/4&#8243;][/vc_column_inner][vc_column_inner width=&#8221;1/2&#8243; css=&#8221;.vc_custom_1620536962997{padding-bottom: 14px !important;background-color: #af1e33 !important;}&#8221;][/vc_column_inner][vc_column_inner width=&#8221;1/4&#8243;][/vc_column_inner][/vc_row_inner][vc_row_inner remove_bottom_col_margin=&#8221;true&#8221;][vc_column_inner width=&#8221;1/4&#8243;][/vc_column_inner][vc_column_inner width=&#8221;1/2&#8243; css=&#8221;.vc_custom_1623635943827{padding-left: 0px !important;}&#8221;][vc_column_text]<strong>Santina José Rodrigues F. Viegas Cardoso</strong><br />
Ministro das Finanças[/vc_column_text][/vc_column_inner][vc_column_inner width=&#8221;1/4&#8243;][/vc_column_inner][/vc_row_inner][/vc_column][vc_column width=&#8221;6/12&#8243;][vc_column_text]
<p style="text-align: justify;"><strong>O Ministério das Finanças (MdF) é o departamento do governo responsável pela concepção, implementação, coordenação, e política de avaliação, definido e aprovado pelo Conselho de Ministros, para as áreas de planeamento e monitorização do orçamento e finanças públicas anuais.</strong></p>
[/vc_column_text][vc_empty_space height=&#8221;40px&#8221;][vc_column_text]A Política fiscal é o instrumento prioritário responsável pela gestão da economia e pelo crescimento e desenvolvimento de Timor-Leste e o MdF desempenha um papel crítico na formulação e conduta desta política. Além de que o MdF segue e monitoriza os gastos das finanças públicas, que são necessárias para garantir o bom funcionamento das políticas do GOTL. As funções chave, são:</p>
<ul>
<li>Propor políticas macroeconômicas, monetárias e políticas de taxas de câmbio, em conjunto com o Banco Central.</li>
<li>Desenvolver políticas, projetos de lei e regulamentação sobre receitas, quadros orçamentais, aquisições, contas públicas, finanças públicas, auditoria e controlo do Tesouro Nacional e emissão e gestão da dívida pública.</li>
<li>Administrar o fundo de petróleo de Timor-Leste.</li>
<li>Trabalhar em conjunto com o Ministério dos Negócios Estrangeiros e da Cooperação a fim de coordenar o relacionamento de Timor-Leste com os seus doadores.</li>
<li>Administrar a dívida pública exterior, as participações estatais em empresas e assistência no exterior. Isto inclui coordenar e definir os seus aspetos financeiros e impostos.</li>
<li>Administrar os ativos do estado.</li>
</ul>
<p style="text-align: justify;">A Autoridade Fiscal, a Autoridade Aduaneira, a Comissão Nacional de Aquisições dependem do Ministério das Finanças.</p>
[/vc_column_text]<div class="theme-button-block-wrap wpex-block wpex-clear theme-button-wrap wpex-clr"><a href="https://www.mof.gov.tl/" class="vcex-button theme-txt-link block button-with-top-border" target="_blank" style="font-weight:500;" rel="noopener noreferrer"><span class="theme-button-inner">Saiba mais sobre o Ministério das Finanças aqui<span class="vcex-icon-wrap theme-button-icon-right"><span class="ticon ticon-angle-right" aria-hidden="true"></span></span></span></a></div> [/vc_column][vc_column width=&#8221;3/12&#8243;]<div class="templatera_shortcode"><div class="vc_row wpb_row vc_row-fluid"><div class="wpb_column vc_column_container vc_col-sm-12"><div class="vc_column-inner"><div class="wpb_wrapper">
	<div class="wpb_text_column wpb_content_element social-share" >
		<div class="wpb_wrapper">
			<h5>Partilhe esta página</h5>

		</div>
	</div>

<div class="vcex-module vcex-social-share">

	<div class="wpex-social-share style-flat position-horizontal" data-source="https%3A%2F%2Fcustoms.gov.tl%2Fpt-pt%2F" data-url="https%3A%2F%2Fcustoms.gov.tl%2Fpt-pt%2Fwp-json%2Fwp%2Fv2%2Fpages%2F7487%2F" data-title="Archives" data-email-subject="I wanted you to see this link" data-email-body="I wanted you to see this link https%3A%2F%2Fcustoms.gov.tl%2Fpt-pt%2Fwp-json%2Fwp%2Fv2%2Fpages%2F7487%2F" data-specs="menubar=no,toolbar=no,resizable=yes,scrollbars=yes,height=600,width=600">
	<ul class="wpex-social-share__list">

		
				<li class="wpex-social-share__item custom-print">

					
						<a href="#print" role="button" class="wpex-social-share__link">

					
						<img decoding="async" src="http://customs.gov.tl/wp-content/uploads/2021/05/icon-print.svg" />
													<span class="wpex-social-share__label wpex-label">Print</span>
						
					</a>

				</li>

			
				<li class="wpex-social-share__item wpex-email">

					
						<a href="#" role="button" class="wpex-social-share__link">

					
						<img decoding="async" src="http://customs.gov.tl/wp-content/uploads/2021/05/icon-envelope.svg" />
													<span class="wpex-social-share__label wpex-label">Email</span>
						
					</a>

				</li>

			
				<li class="wpex-social-share__item wpex-facebook">

					
						<a href="#" role="button" class="wpex-social-share__link">

					
						<img decoding="async" src="http://customs.gov.tl/wp-content/uploads/2021/05/icon-facebook.svg" />
													<span class="wpex-social-share__label wpex-label">Share</span>
						
					</a>

				</li>

			
				<li class="wpex-social-share__item wpex-linkedin">

					
						<a href="#" role="button" class="wpex-social-share__link">

					
						<img decoding="async" src="http://customs.gov.tl/wp-content/uploads/2021/05/icon-linkedin.svg" />
													<span class="wpex-social-share__label wpex-label">Share</span>
						
					</a>

				</li>

			
	</ul>

	</div>

</div></div></div></div></div>
</div>[vc_empty_space height=&#8221;80px&#8221;][vc_row_inner el_class=&#8221;contact-sidebar&#8221;][vc_column_inner][vc_column_text el_class=&#8221;contact-details&#8221; css=&#8221;.vc_custom_1627636522494{margin-bottom: 5px !important;border-bottom-width: 1px !important;border-bottom-color: #000000 !important;border-bottom-style: solid !important;}&#8221;]
<h5>Contactos</h5>
[/vc_column_text]<div class="vcex-module vcex-list_item wpex-max-w-100 wpex-clr wpex-mb-5 no-border"><div class="vcex-list-item-inner wpex-inline-flex wpex-flex-no-wrap wpex-items-center"><div class="vcex-list-item-icon wpex-mr-10"><div class="vcex-icon-wrap wpex-inline-flex wpex-justify-center wpex-items-center"><span class="ticon ticon-map-marker"></span></div></div><div class="vcex-list-item-text vcex-content wpex-flex-grow">Building #5, Palaco do Governo,<br />
Dili, Timor-Leste</div></div></div><div class="vcex-module vcex-list_item wpex-max-w-100 wpex-clr wpex-mb-5"><div class="vcex-list-item-inner wpex-inline-flex wpex-flex-no-wrap wpex-items-center"><div class="vcex-list-item-icon wpex-mr-10"><div class="vcex-icon-wrap wpex-inline-flex wpex-justify-center wpex-items-center"><span class="ticon ticon-phone-square"></span></div></div><div class="vcex-list-item-text vcex-content wpex-flex-grow">(+670) 333 9694</div></div></div><div class="vcex-module vcex-list_item wpex-max-w-100 wpex-clr wpex-mb-5"><a  href="mailto:info@mof.gov.tl" class="vcex-list-item-link wpex-no-underline"><div class="vcex-list-item-inner wpex-inline-flex wpex-flex-no-wrap wpex-items-center"><div class="vcex-list-item-icon wpex-mr-10"><div class="vcex-icon-wrap wpex-inline-flex wpex-justify-center wpex-items-center"><span class="ticon ticon-envelope-o"></span></div></div><div class="vcex-list-item-text vcex-content wpex-flex-grow">info@mof.gov.tl</div></div></a></div>[/vc_column_inner][/vc_row_inner][/vc_column][/vc_row]
</div>

Santina José Rodrigues F. Viegas Cardoso Ministro das Finanças O Ministério das Finanças (MdF) é o departamento do governo responsável pela concepção, implementação, coordenação, e política de avaliação, definido e aprovado pelo Conselho de Ministros, para as áreas de planeamento&hellip;
